{"id":217,"date":"2020-05-12T03:43:03","date_gmt":"2020-05-12T03:43:03","guid":{"rendered":"http:\/\/chaletalpina-les2alpes.com\/index.php\/home\/"},"modified":"2024-01-06T16:22:17","modified_gmt":"2024-01-06T16:22:17","slug":"home","status":"publish","type":"page","link":"https:\/\/chaletalpina-les2alpes.com\/","title":{"rendered":"Home"},"content":{"rendered":"\n<div class=\"wp-block-group alignfull is-layout-flow wp-block-group-is-layout-flow\"><div class=\"wp-block-group__inner-container\">\n<div class=\"wp-block-cover alignfull is-light has-parallax\" style=\"min-height:100vh;aspect-ratio:unset;\"><span aria-hidden=\"true\" class=\"wp-block-cover__background has-ast-global-color-1-background-color has-background-dim\"><\/span><div role=\"img\" class=\"wp-block-cover__image-background wp-image-764 has-parallax\" style=\"background-position:50% 50%;background-image:url(https:\/\/chaletalpina-les2alpes.com\/wp-content\/uploads\/2023\/05\/00-Vue-depuis-la-rue.png)\"><\/div><div class=\"wp-block-cover__inner-container is-layout-flow wp-block-cover-is-layout-flow\">\n<h3 class=\"wp-block-heading has-text-align-center has-ast-global-color-5-color has-text-color\">location d&rsquo;un chalet familial de 7 chambres (265m\u00b2) pour 15 personnes<\/h3>\n\n\n\n<h1 class=\"wp-block-heading has-text-align-center has-ast-global-color-5-color has-text-color\">Chalet Alpina les 2 alpes<\/h1>\n\n\n\n<h2 class=\"wp-block-heading has-text-align-center has-ast-global-color-7-color has-text-color\">sublimez vos vacances \u00e0 la montagne dans un chalet XXL<\/h2>\n\n\n\n<p class=\"has-text-align-center has-ast-global-color-7-color has-ast-global-color-0-background-color has-text-color has-background\">A vous les joies de la montagne en famille ou entre amis. <br>Avec 7 chambres et de grands espaces de vie, toute votre tribu est confortablement install\u00e9e.<br>Vous \u00eates \u00e0 deux pas de toutes les commodit\u00e9s et des remont\u00e9es, vous pouvez laisser pendant tout votre s\u00e9jour vos voitures dans le garage et sur les 3 places de parking priv\u00e9es du chalet.<\/p>\n<\/div><\/div>\n\n\n\n<div class=\"wp-block-group alignfull has-ast-global-color-5-background-color has-background is-layout-flow wp-block-group-is-layout-flow\"><div class=\"wp-block-group__inner-container\">\n<div class=\"wp-block-columns is-layout-flex wp-container-core-columns-is-layout-9d6595d7 wp-block-columns-is-layout-flex\">\n<div class=\"wp-block-column is-layout-flow wp-block-column-is-layout-flow\">\n<h2 class=\"wp-block-heading\">le meilleur de la montagne<\/h2>\n<\/div>\n\n\n\n<div class=\"wp-block-column is-layout-flow wp-block-column-is-layout-flow\">\n<p>R\u00e9nov\u00e9 en 2022 dans un esprit montagne, le chalet Alpina, d\u2019une surface de plus de 265m2, peut accueillir confortablement jusqu\u2019\u00e0 15 personnes, en toute simplicit\u00e9. C\u2019est un produit rare \u00e0 la location sur la station tant par sa capacit\u00e9 d\u2019accueil que par sa situation.<\/p>\n\n\n\n<h2 class=\"wp-block-heading\">Des espaces pour chacun<\/h2>\n\n\n\n<p>Le chalet est ind\u00e9pendant et non mitoyen, vous serez totalement chez vous.<\/p>\n\n\n\n<p>Il poss\u00e8de 7 chambres, r\u00e9parties sur trois niveaux, permettant d\u2019avoir des espaces de repos pour chacun. Le rez-de-jardin est le paradis des enfants avec 3 chambres dont une avec lit double, une avec deux lits simples et un dortoir avec 4 couchages (2 lits simples et 2 lits superpos\u00e9s). Au rez-de-chauss\u00e9e et de plain-pied, les parents ou grands-parents trouveront une chambre avec lit double, \u00e0 l\u2019\u00e9cart des pi\u00e8ces de vie. Isol\u00e9s au premier \u00e9tage, les parents profiteront de trois chambres avec lit double. Chaque \u00e9tage poss\u00e8de une salle de douche ou de bain et un WC s\u00e9par\u00e9.<\/p>\n\n\n\n<p>Outre les espaces nuit, le chalet poss\u00e8de des espaces de vie spacieux pour profiter de la montagne en famille&nbsp;: une grande cuisine \u00e9quip\u00e9e (lave-vaisselle entre autre \u00e9quipement), un salon avec chemin\u00e9e \u00e0 insert et vastes canap\u00e9s, une salle \u00e0 manger avec 15 places assises (et des appareils \u00e0 raclette\u2026).<\/p>\n\n\n\n<h2 class=\"wp-block-heading\">Plein sud, sauna, jacuzzi et salle de cin\u00e9ma pour sublimer les journ\u00e9es<\/h2>\n\n\n\n<p>C\u00f4t\u00e9 d\u00e9tente apr\u00e8s ski, le chalet poss\u00e8de un sauna, un jacuzzi et une salle de cin\u00e9ma de 25m\u00b2. Il est \u00e9galement possible de profiter de l\u2019ext\u00e9rieur avec un long balcon expos\u00e9 plein Sud qui communique avec les pi\u00e8ces de vie ainsi qu\u2019un petit jardin devant les chambres du bas. La vue est d\u00e9gag\u00e9e sur les pistes et sur la Muzelle, l\u2019exposition du chalet \u00e9tant plein Sud.<\/p>\n\n\n\n<h2 class=\"wp-block-heading\">\u00e0 proximit\u00e9 de tout<\/h2>\n\n\n\n<p>L\u2019apr\u00e8s ski, <a href=\"https:\/\/www.les2alpes.com\/\" target=\"_blank\" rel=\"noreferrer noopener\">aux 2 Alpes<\/a>, c\u2019est aussi les sorties. Au c\u0153ur du secteur calme de l\u2019Alpe de Venosc, le chalet Alpina se situe respectivement (donn\u00e9es Google Maps) \u00e0 2 minutes \u00e0 pied de la place de Venosc, du Sherpa, du bowling et de ses nombreux bars et restaurants, \u00e0 3 minutes de la boulangerie \u00ab\u00a0Au fil du temps\u00a0\u00bb et \u00e0 5 minutes du d\u00e9part du Diable. La proximit\u00e9 directe des commerces vous permettra de tout faire \u00e0 pied lors de votre s\u00e9jour, \u00e9vitant ainsi le d\u00e9sagr\u00e9ment de la conduite en station.<\/p>\n\n\n\n<h2 class=\"wp-block-heading\">on oublie la voiture pour la semaine<\/h2>\n\n\n\n<p>Pratique, dans une zone r\u00e9put\u00e9e difficile pour stationner, le chalet poss\u00e8de un grand garage ferm\u00e9 ainsi que 3 \u00e0 4 places de parking priv\u00e9 devant le chalet ce qui \u00e9vite de devoir utiliser les parkings publics \u00e9loign\u00e9s du centre. Le garage est \u00e9galement au service du rangement des skis l\u2019hiver et du stockage des v\u00e9los \u00e9lectriques l\u2019\u00e9t\u00e9.<\/p>\n\n\n\n<h2 class=\"wp-block-heading\">bon \u00e0 savoir<\/h2>\n\n\n\n<p>Pour les plus jeunes, un lit parapluie, une chaise haute et une baignoire de b\u00e9b\u00e9 sont mis \u00e0 disposition.<\/p>\n\n\n\n<p>Nous mettons \u00e9galement \u00e0 disposition un coin lingerie avec lave-linge et s\u00e8che-linge, ce qui vous \u00e9vitera de multiplier les affaires de rechange et d\u2019all\u00e9ger un peu vos bagages.<\/p>\n\n\n\n<p>Nos amis les animaux sont les bienvenus, en t\u00e9moigne notre chien Spe\u00ef, berger de Podhale, mascotte du chalet.<\/p>\n\n\n\n<p>Le prix inclut l\u2019accueil, la remise des cl\u00e9s, le m\u00e9nage, le linge de maison et les draps ainsi que du bois pour la chemin\u00e9e.<\/p>\n\n\n\n<p>Chalet non-fumeur, merci d\u2019utiliser les ext\u00e9rieurs \u00e0 cette fin.<\/p>\n\n\n\n<h2 class=\"wp-block-heading\">voyager en d\u00e9cal\u00e9<\/h2>\n\n\n\n<p>Afin de vous \u00e9viter la p\u00e9nible route embouteill\u00e9e du samedi, nous louons du Dimanche au Dimanche sur les semaines de haute saison (sachant que l\u2019<a href=\"https:\/\/www.esf2alpes.com\/\" target=\"_blank\" rel=\"noreferrer noopener\">ESF<\/a> propose des cours du lundi au samedi et que le samedi est la journ\u00e9e la plus calme de la station, vous aurez les pistes pour vous seuls, sans attente au d\u00e9part).<\/p>\n\n\n\n<h2 class=\"wp-block-heading\">les 2 alpes : station d&rsquo;altitude d\u00e9contract\u00e9e et active<\/h2>\n\n\n\n<p>Quelques mots sur la station si vous ne connaissez pas encore. Avec ses 42 remont\u00e9es m\u00e9caniques et ses 200 kms de pistes, les 2 Alpes poss\u00e8de un domaine skiable \u00e9tendu et vari\u00e9 qui se trouve \u00eatre \u00e9galement le plus haut d\u2019Europe avec le glacier qui culmine \u00e0 3600m d\u2019altitude. C\u2019est l\u2019assurance de trouver une neige naturelle de qualit\u00e9 du d\u00e9but \u00e0 la fin de la saison. Le d\u00e9nivel\u00e9 de 3600m \u00e0 1300m permet de skier sur de longues distances sans s\u2019arr\u00eater. L\u2019amplitude du domaine permet \u00e9galement de ne pas avoir \u00e0 faire trop la queue aux remont\u00e9es une fois le d\u00e9part de la station pass\u00e9.<\/p>\n\n\n\n<p>D\u2019apr\u00e8s le site<a href=\"https:\/\/www.skiinfo.fr\/alpes-du-nord\/les-2-alpes\/historique-enneigement\" title=\"https:\/\/www.skiinfo.fr\/alpes-du-nord\/les-2-alpes\/historique-enneigement\"> skiinfo.fr<\/a>, la neige est au rendez-vous puisque la moyenne annuelle cumul\u00e9e des chutes de neige sur les 10 derni\u00e8res ann\u00e9es se situe \u00e0 286cm. A 1600m, pour le bas de la station, la neige est abondante, synonyme de vacances d\u2019hiver r\u00e9ussies.<\/p>\n\n\n\n<p>Outre la qualit\u00e9 du domaine, la station des<a href=\"https:\/\/www.les2alpes.com\/\" target=\"_blank\" rel=\"noreferrer noopener\" title=\"https:\/\/www.les2alpes.com\/\"> 2 Alpes<\/a> est festive et d\u00e9contract\u00e9e. Elle s\u2019organise autour de sa colonne vert\u00e9brale qu\u2019est l\u2019avenue de la Muselle. Cette avenue relie l\u2019alpe de Mont de Lans \u00e0 l\u2019entr\u00e9e de la station \u00e0 l\u2019alpe de Venosc, au bout de la station. Le secteur dit \u00ab&nbsp;Venosc&nbsp;\u00bb est le plus pr\u00e9serv\u00e9 et calme de la station&nbsp;; c\u2019est l\u2019endroit o\u00f9 se situe le chalet Alpina. A quelques pas du chalet se trouve un point de vue \u00e0 couper le souffle sur la Muselle et le village de Venosc en contrebas.<\/p>\n\n\n\n<p>Contactez-nous, nous serons ravis d\u2019\u00e9changer avec vous pour faire de votre prochain s\u00e9jour aux 2 Alpes un moment de famille inoubliable. <\/p>\n\n\n\n<p>Proche des stations de l\u2019Alpe d\u2019Huez, Vaujany, Oz-en-Oisans, Auris-en-Oisans, La Garde-en-Oisans, Villard-Reculas, le Freney d\u2019Oisans, la Grave, \u2026.<\/p>\n\n\n\n<div class=\"wp-block-buttons is-layout-flex wp-block-buttons-is-layout-flex\">\n<div class=\"wp-block-button\"><a class=\"wp-block-button__link wp-element-button\" href=\"https:\/\/annonces-verifiees.com\" target=\"_blank\" rel=\"noreferrer noopener\">Nous tenons \u00e0 attirer votre attention sur le code (YTOnyx) pr\u00e9sent sur nos photos. Ce code nous a \u00e9t\u00e9 fourni par le site annonces-verifiees.com, apr\u00e8s que nous ayons fait v\u00e9rifier notre identit\u00e9 et l&rsquo;authenticit\u00e9 de notre logement. Pour vous assurer que l&rsquo;adresse URL de ce SITE correspond bien \u00e0 notre d\u00e9claration sur le site annonces-verifiees, vous pouvez copier\/coller ce code dans la barre de recherche du site annonces-verifiees.com. Si les adresses ne correspondent pas, cela signifie que l&rsquo;annonce que vous consultez n&rsquo;a pas \u00e9t\u00e9 mise en ligne par nous.<\/a><\/div>\n<\/div>\n<\/div>\n<\/div>\n<\/div><\/div>\n\n\n\n<div class=\"wp-block-cover alignfull is-light has-parallax\" style=\"min-height:516px;aspect-ratio:unset;\"><span aria-hidden=\"true\" class=\"wp-block-cover__background has-ast-global-color-1-background-color has-background-dim-40 has-background-dim\"><\/span><div role=\"img\" class=\"wp-block-cover__image-background wp-image-762 has-parallax\" style=\"background-position:50% 50%;background-image:url(https:\/\/chaletalpina-les2alpes.com\/wp-content\/uploads\/2023\/05\/10-Vue-depuis-le-jardin.png)\"><\/div><div class=\"wp-block-cover__inner-container is-layout-flow wp-block-cover-is-layout-flow\">\n<h2 class=\"wp-block-heading has-text-align-center has-white-color has-text-color\">Pour <em>V\u00e9rifier directement la disponibilit\u00e9<\/em> du chalet pour vos vacances et passer une r\u00e9servation, direction le bouton \u00ab\u00a0RESERVATION\u00a0\u00bb ci-dessous<\/h2>\n\n\n\n<p class=\"has-text-align-center has-ast-global-color-7-color has-ast-global-color-0-background-color has-text-color has-background\">vous avez vu notre chalet sur un de nos sites partenaires (AirBnB, LeBonCoin, Gens de confiance&#8230;) et vous souhaitez nous contacter pour avoir plus de renseignements, n&rsquo;h\u00e9sitez pas, nous nous ferons un plaisir de vous r\u00e9pondre rapidement<\/p>\n\n\n\n<div class=\"wp-block-buttons is-horizontal is-content-justification-center is-layout-flex wp-container-core-buttons-is-layout-499968f5 wp-block-buttons-is-layout-flex\">\n<div class=\"wp-block-button is-style-fill\"><a class=\"wp-block-button__link has-ast-global-color-3-color has-ast-global-color-5-background-color has-text-color has-background wp-element-button\" href=\"https:\/\/chaletalpina-les2alpes.com\/index.php\/reservez-votre-sejour\/\" rel=\"#\">RESERVATION<\/a><\/div>\n<\/div>\n<\/div><\/div>\n\n\n\n<div class=\"wp-block-columns is-layout-flex wp-container-core-columns-is-layout-9d6595d7 wp-block-columns-is-layout-flex\">\n<div class=\"wp-block-column is-layout-flow wp-block-column-is-layout-flow\">\n<h2 class=\"wp-block-heading\">quelques images de votre futur location de chalet aux 2 alpes<\/h2>\n<\/div>\n<\/div>\n\n\n\n<div class=\"wp-block-group alignfull has-ast-global-color-4-background-color has-background is-vertical is-content-justification-center is-layout-flex wp-container-core-group-is-layout-4b2eccd6 wp-block-group-is-layout-flex\"><div class=\"wp-block-group__inner-container\">\n<div class=\"wp-block-columns is-layout-flex wp-container-core-columns-is-layout-9d6595d7 wp-block-columns-is-layout-flex\">\n<div class=\"wp-block-column is-layout-flow wp-block-column-is-layout-flow\">\n<figure class=\"wp-block-image aligncenter size-full\"><img loading=\"lazy\" decoding=\"async\" width=\"1024\" height=\"683\" src=\"https:\/\/chaletalpina-les2alpes.com\/wp-content\/uploads\/2023\/05\/40-Salon.png\" alt=\"\" class=\"wp-image-753\" srcset=\"https:\/\/chaletalpina-les2alpes.com\/wp-content\/uploads\/2023\/05\/40-Salon.png 1024w, https:\/\/chaletalpina-les2alpes.com\/wp-content\/uploads\/2023\/05\/40-Salon-300x200.png 300w, https:\/\/chaletalpina-les2alpes.com\/wp-content\/uploads\/2023\/05\/40-Salon-768x512.png 768w\" sizes=\"auto, (max-width: 1024px) 100vw, 1024px\" \/><figcaption class=\"wp-element-caption\">le salon avec sa hauteur sous plafond et sa chemin\u00e9e<\/figcaption><\/figure>\n<\/div>\n\n\n\n<div class=\"wp-block-column is-layout-flow wp-block-column-is-layout-flow\">\n<figure class=\"wp-block-image aligncenter size-full\"><img loading=\"lazy\" decoding=\"async\" width=\"1024\" height=\"683\" src=\"https:\/\/chaletalpina-les2alpes.com\/wp-content\/uploads\/2023\/05\/60-salle-a-manger.png\" alt=\"\" class=\"wp-image-754\" srcset=\"https:\/\/chaletalpina-les2alpes.com\/wp-content\/uploads\/2023\/05\/60-salle-a-manger.png 1024w, https:\/\/chaletalpina-les2alpes.com\/wp-content\/uploads\/2023\/05\/60-salle-a-manger-300x200.png 300w, https:\/\/chaletalpina-les2alpes.com\/wp-content\/uploads\/2023\/05\/60-salle-a-manger-768x512.png 768w\" sizes=\"auto, (max-width: 1024px) 100vw, 1024px\" \/><figcaption class=\"wp-element-caption\">la salle \u00e0 manger avec ses 15 places assises<\/figcaption><\/figure>\n<\/div>\n\n\n\n<div class=\"wp-block-column is-layout-flow wp-block-column-is-layout-flow\">\n<figure class=\"wp-block-image aligncenter size-full\"><img loading=\"lazy\" decoding=\"async\" width=\"1024\" height=\"683\" src=\"https:\/\/chaletalpina-les2alpes.com\/wp-content\/uploads\/2023\/05\/90-cuisine-reno-1.png\" alt=\"\" class=\"wp-image-755\" srcset=\"https:\/\/chaletalpina-les2alpes.com\/wp-content\/uploads\/2023\/05\/90-cuisine-reno-1.png 1024w, https:\/\/chaletalpina-les2alpes.com\/wp-content\/uploads\/2023\/05\/90-cuisine-reno-1-300x200.png 300w, https:\/\/chaletalpina-les2alpes.com\/wp-content\/uploads\/2023\/05\/90-cuisine-reno-1-768x512.png 768w\" sizes=\"auto, (max-width: 1024px) 100vw, 1024px\" \/><figcaption class=\"wp-element-caption\">la cuisine \u00e9quip\u00e9e pour pr\u00e9parer de bons petits plats<\/figcaption><\/figure>\n<\/div>\n<\/div>\n<\/div><\/div>\n\n\n\n<div class=\"wp-block-group alignfull has-ast-global-color-4-background-color has-background is-vertical is-layout-flex wp-container-core-group-is-layout-0abfb586 wp-block-group-is-layout-flex\"><div class=\"wp-block-group__inner-container\">\n<div class=\"wp-block-columns is-layout-flex wp-container-core-columns-is-layout-9d6595d7 wp-block-columns-is-layout-flex\">\n<div class=\"wp-block-column is-vertically-aligned-top is-layout-flow wp-block-column-is-layout-flow\">\n<figure class=\"wp-block-image aligncenter size-full\"><img loading=\"lazy\" decoding=\"async\" width=\"923\" height=\"600\" src=\"http:\/\/chaletalpina-les2alpes.com\/wp-content\/uploads\/2023\/05\/100-sauna-jacuzzi.png\" alt=\"\" class=\"wp-image-758\" srcset=\"https:\/\/chaletalpina-les2alpes.com\/wp-content\/uploads\/2023\/05\/100-sauna-jacuzzi.png 923w, https:\/\/chaletalpina-les2alpes.com\/wp-content\/uploads\/2023\/05\/100-sauna-jacuzzi-300x195.png 300w, https:\/\/chaletalpina-les2alpes.com\/wp-content\/uploads\/2023\/05\/100-sauna-jacuzzi-768x499.png 768w\" sizes=\"auto, (max-width: 923px) 100vw, 923px\" \/><figcaption class=\"wp-element-caption\">Sauna et jacuzzi privatifs<\/figcaption><\/figure>\n<\/div>\n\n\n\n<div class=\"wp-block-column is-vertically-aligned-top is-layout-flow wp-block-column-is-layout-flow\">\n<figure class=\"wp-block-image aligncenter size-full\"><img loading=\"lazy\" decoding=\"async\" width=\"1024\" height=\"683\" src=\"http:\/\/chaletalpina-les2alpes.com\/wp-content\/uploads\/2023\/08\/110-chambre-7.png\" alt=\"\" class=\"wp-image-787\" srcset=\"https:\/\/chaletalpina-les2alpes.com\/wp-content\/uploads\/2023\/08\/110-chambre-7.png 1024w, https:\/\/chaletalpina-les2alpes.com\/wp-content\/uploads\/2023\/08\/110-chambre-7-300x200.png 300w, https:\/\/chaletalpina-les2alpes.com\/wp-content\/uploads\/2023\/08\/110-chambre-7-768x512.png 768w\" sizes=\"auto, (max-width: 1024px) 100vw, 1024px\" \/><figcaption class=\"wp-element-caption\">Une des 4 chambres parentales<\/figcaption><\/figure>\n<\/div>\n\n\n\n<div class=\"wp-block-column is-vertically-aligned-top is-layout-flow wp-block-column-is-layout-flow\">\n<figure class=\"wp-block-image aligncenter size-full\"><img loading=\"lazy\" decoding=\"async\" width=\"1024\" height=\"683\" src=\"http:\/\/chaletalpina-les2alpes.com\/wp-content\/uploads\/2023\/02\/181-chambre-1.png\" alt=\"\" class=\"wp-image-710\" srcset=\"https:\/\/chaletalpina-les2alpes.com\/wp-content\/uploads\/2023\/02\/181-chambre-1.png 1024w, https:\/\/chaletalpina-les2alpes.com\/wp-content\/uploads\/2023\/02\/181-chambre-1-300x200.png 300w, https:\/\/chaletalpina-les2alpes.com\/wp-content\/uploads\/2023\/02\/181-chambre-1-768x512.png 768w\" sizes=\"auto, (max-width: 1024px) 100vw, 1024px\" \/><figcaption class=\"wp-element-caption\">Le vaste dortoir du RDJ pour les enfants<\/figcaption><\/figure>\n<\/div>\n<\/div>\n<\/div><\/div>\n<\/div><\/div>\n","protected":false},"excerpt":{"rendered":"<p>le meilleur de la montagne R\u00e9nov\u00e9 en 2022 dans un esprit montagne, le chalet Alpina, d\u2019une surface de plus de 265m2, peut accueillir confortablement jusqu\u2019\u00e0 15 personnes, en toute simplicit\u00e9. C\u2019est un produit rare \u00e0 la location sur la station tant par sa capacit\u00e9 d\u2019accueil que par sa situation. Des espaces pour chacun Le chalet &hellip;<\/p>\n<p class=\"read-more\"> <a class=\"\" href=\"https:\/\/chaletalpina-les2alpes.com\/\"> <span class=\"screen-reader-text\">Home<\/span> Lire la suite\u00a0\u00bb<\/a><\/p>\n","protected":false},"author":1,"featured_media":0,"parent":0,"menu_order":0,"comment_status":"closed","ping_status":"closed","template":"","meta":{"om_disable_all_campaigns":false,"_monsterinsights_skip_tracking":false,"_monsterinsights_sitenote_active":false,"_monsterinsights_sitenote_note":"","_monsterinsights_sitenote_category":0,"site-sidebar-layout":"no-sidebar","site-content-layout":"plain-container","ast-main-header-display":"","ast-hfb-above-header-display":"","ast-hfb-below-header-display":"","ast-hfb-mobile-header-display":"","site-post-title":"disabled","ast-breadcrumbs-content":"","ast-featured-img":"","footer-sml-layout":"","theme-transparent-header-meta":"disabled","adv-header-id-meta":"","stick-header-meta":"","header-above-stick-meta":"","header-main-stick-meta":"","header-below-stick-meta":"","footnotes":""},"class_list":["post-217","page","type-page","status-publish","hentry"],"_links":{"self":[{"href":"https:\/\/chaletalpina-les2alpes.com\/index.php\/wp-json\/wp\/v2\/pages\/217","targetHints":{"allow":["GET"]}}],"collection":[{"href":"https:\/\/chaletalpina-les2alpes.com\/index.php\/wp-json\/wp\/v2\/pages"}],"about":[{"href":"https:\/\/chaletalpina-les2alpes.com\/index.php\/wp-json\/wp\/v2\/types\/page"}],"author":[{"embeddable":true,"href":"https:\/\/chaletalpina-les2alpes.com\/index.php\/wp-json\/wp\/v2\/users\/1"}],"replies":[{"embeddable":true,"href":"https:\/\/chaletalpina-les2alpes.com\/index.php\/wp-json\/wp\/v2\/comments?post=217"}],"version-history":[{"count":45,"href":"https:\/\/chaletalpina-les2alpes.com\/index.php\/wp-json\/wp\/v2\/pages\/217\/revisions"}],"predecessor-version":[{"id":854,"href":"https:\/\/chaletalpina-les2alpes.com\/index.php\/wp-json\/wp\/v2\/pages\/217\/revisions\/854"}],"wp:attachment":[{"href":"https:\/\/chaletalpina-les2alpes.com\/index.php\/wp-json\/wp\/v2\/media?parent=217"}],"curies":[{"name":"wp","href":"https:\/\/api.w.org\/{rel}","templated":true}]}}